it of 98/c + 1/(-3)?
6
Suppose -428 = -3*w + 49. Suppose 0 = 2*b - 3*j - w, b + 4*j + 16 = 68. What is the tens digit of b?
7
What is the hundreds digit of (-2084)/2*(2 - 3)?
0
What is the thousands digit of (38/5)/(4/730)?
1
What is the tens digit of ((-5)/15)/(1/(-1743))?
8
Suppose 2*w - 4*z = -530, 1280 = 2*w - 7*w - 5*z. Let j = -181 - w. What is the tens digit of j?
7
Suppose -70 = -8*i + 338. What is the tens digit of i?
5
What is the hundreds digit of (-48426)/(-133) - 8/76?
3
Suppose 2*a - 8426 = 4*d, -53*a - d = -49*a - 16825. What is the tens digit of a?
0
What is the hundreds digit of (-54)/24*(-13772)/33?
9
Suppose 3*p = -1 - 2, 15 = -2*s - 3*p. Let h be 290/15 - 4/s. What is the tens digit of (-2)/(-10) + 376/h?
1
Suppose -9*g - 11480 = -29*g. What is the hundreds digit of g?
5
Suppose -32 - 3 = 7*y. What is the units digit of 60/y*-1*4?
8
Suppose -2*b - 201 = -2755. What is the units digit of b?
7
Let j = -21 + 25. Let h(s) = 8*s. What is the units digit of h(j)?
2
Let c = -596 + 1022. What is the tens digit of c?
2
Let m be 0/5*(-3)/(-6). Suppose 0*i - 15 = 3*i, m = -n - 5*i - 17. What is the tens digit of 118/n - (-9)/36?
1
Suppose 4*p = -3*h - 0*p + 455, 0 = -4*p + 20. Let k be ((-62)/8 + 1)*12. Let w = k + h. What is the tens digit of w?
6
Let g(z) = z**2 - 12*z + 21. Let t be g(10). Suppose t = m - 0. What is the units digit of (-3)/(-1) + (-1 - m)?
1
Suppose 6*y - 2*y - 300 = 0. Suppose -l = 5*d - 25, 2*l - 5*l - 2*d = -y. What is the tens digit of l?
2
Let l be (1 - 4)/(-3) + -17. What is the tens digit of l/(-20)*(1 + 179)?
4
Suppose -3*u + 5*u = 2*j, 0 = -4*j + 3*u + 3. Suppose 3*y - 77 = -y - p, 55 = j*y - 2*p. What is the tens digit of y?
1
Let s(q) = -2*q**3 + 23*q**2 - 14*q - 4. What is the hundreds digit of s(10)?
1
Suppose 2*u - h = -13, -2*u + 11*h - 25 = 14*h. Let l = -2 - 4. What is the units digit of l/u*(1 - -3)?
3
Let q(r) = -2*r - 6. Let l be q(-9). Suppose 4*x = -2*h - 256, 0 = h - x - l + 143. What is the tens digit of (h/(-5))/((-3)/(-6))?
5
Suppose 0 = -684*u + 668*u + 74896. What is the thousands digit of u?
4
Let s = 600 - 15. What is the hundreds digit of s?
5
Let v = 98 - -72. Let n = 91 - v. Let w = -47 - n. What is the tens digit of w?
3
Let n = -40 + 59. Suppose 4*a + 7 = -x - 12, 0 = 4*a + 3*x + 17. Let v = a + n. What is the tens digit of v?
1
Let m = -23 - -14. Let o = m + 10. What is the units digit of o?
1
Suppose 16 = -4*a, 0 = 2*i - 3*a - 382 + 2. Let p = -126 + i. What is the units digit of p?
8
Suppose -7 - 5 = -6*n. Suppose 40 + 70 = n*v. What is the units digit of v?
5
Let o = -53 + 65. What is the units digit of ((-4)/o)/((-2)/(-12)) + 78?
6
Suppose 0 = 3*i - 2*i + 214. Let z = i - -368. What is the units digit of z?
4
Let o = -648 - -719. What is the tens digit of o?
7
Let s(t) = -4*t**3 - 3*t**2 - 2*t - 1. Let z(r) = 3*r**3 + 3*r**2 + r + 2. Let k(n) = -2*s(n) - 3*z(n). Let v be k(-4). What is the tens digit of 3*(-2)/(-4)*v?
1
Let z = 2765 + -658. What is the thousands digit of z?
2
What is the tens digit of (-21)/77 - (-1 - 60004/77)?
8
Let t(j) = j**3 - 5*j**2 + 4*j - 3. Let d be t(4). Let o be 96/d*(-6)/8. What is the tens digit of (-40)/(-6)*o/16?
1
Suppose 2*t + 2*t - 676 = -5*a, -4*t - 644 = -5*a. What is the tens digit of a?
3
Suppose 998 = q + 391. What is the hundreds digit of q?
6
Suppose 0 = r - 2 + 1. What is the units digit of (-1852)/(-32) + r/8?
8
Let c(x) = x**3 - 4*x**2 - 3*x + 6. Let s be c(4). Let d be (-3)/((-3)/s + 1). What is the tens digit of ((-100)/8)/(1/d)?
2
Let n(g) = -g**3 - 11*g**2 - 11*g - 10. Suppose -7*k + 44 = -11*k. What is the hundreds digit of n(k)?
1
Let l(y) = 39*y**3 - y**2 - y - 1. Let n be l(-1). Let b be (-96)/(4/(-10) + 133/70). Let j = n - b. What is the tens digit of j?
2
Suppose -9087 = -22*b + 439. What is the hundreds digit of b?
4
Suppose 20888 = 5*t + 2*d, -4*t - d + 13497 + 3214 = 0. What is the units digit of t?
8
Let t(s) = -2*s - 7. Let r = 1 + -8. Let k be t(r). Let l = -4 + k. What is the units digit of l?
3
Let b be 2/7 + (60/35 - 4). Let w(d) = -16*d**3 - 2*d**2 + 2*d + 1. What is the tens digit of w(b)?
1
What is the hundreds digit of 6156/(-270)*560/(-6)?
1
Suppose g - n - 1659 = n, 3*g + n = 4998. What is the hundreds digit of g?
6
Let n be (-6 - -6)/(-1*1). Suppose n = -2*z + 4, 4*y - 2*z = 32 + 16. What is the tens digit of y?
1
Let v = 162 + -67. Let h = -69 + v. What is the units digit of h?
6
Suppose -3*z + 20 = 5*q - 30, -12 = -3*q. Let b be 9/18 + z/4. Suppose -3*n + b = -21. What is the units digit of n?
8
Let i be 112 + (-3)/(6/(-8)). Suppose -2*w = -18 - i. What is the units digit of w?
7
Let f = -17 - -14. Let l(s) = -s**2 - 3*s. Let v be l(f). Let w(z) = -z**3 - z + 20. What is the units digit of w(v)?
0
Suppose 4*y - 1108 = 5*a, 4*a + 763 = 3*y - 68. What is the units digit of y?
7
What is the hundreds digit of (2/6)/(55/128040)?
7
Let l(v) = -3*v + 4. Let m(i) = i**2 - 8*i - 5. Let g be m(7). Let n = g - -8. What is the units digit of l(n)?
6
Let p = 1 + 5. Let b = 8 + 15. Let a = b - p. What is the tens digit of a?
1
What is the hundreds digit of ((-9924)/(-16))/(4 + 87/(-24))?
6
What is the tens digit of (-11324)/(-4) + (2 - 11)?
2
Suppose 2*v - 24 = -4*j, 7 = 4*v - 9. Suppose -5*h + 844 = -4*k, 4*h = k + j*k + 668. What is the tens digit of h?
7
What is the tens digit of (54/(-60)*-236)/((-4)/(-80))?
4
Let a = 5579 - 3517. What is the hundreds digit of a?
0
Let o(f) = -56*f**3 + 7*f**2 + 11*f + 4. What is the hundreds digit of o(-3)?
5
Suppose -b + 18 = 5*m, -3*b = -2*m - b. Suppose -4*f + 244 = -2*c, 0*f - 189 = -m*f + 3*c. What is the units digit of f?
9
Let j = 273 + -203. What is the units digit of j?
0
Let w(u) = -3*u - 30. Let q be w(-14). Suppose -q*k + 715 = -377. What is the units digit of k?
1
Let n = 3526 + -1980. What is the hundreds digit of n?
5
Let p(x) = -66*x**2 + 6*x - 4. Let s(j) = -j + 1. Let a(k) = -2*p(k) - 10*s(k). What is the units digit of a(-1)?
2
Let i(c) = -6*c**3 + 4*c**2 + 4. Let k(a) = -a**3 + a**2. Let r(h) = i(h) - 5*k(h). Let x be r(0). Suppose 3*j - j - x = 0. What is the units digit of j?
2
Let w = 59 + 439. What is the hundreds digit of w?
4
Suppose -4*j + 544 = d + 140, -3*d - 216 = -2*j. Let p = j + -18. What is the tens digit of p?
8
Suppose -4*l - 48 = -2*c, 5*l = 2*c + 2*l - 51. Suppose 10*s = 5*s - 2*p - 9, 3*s - 5*p = 7. What is the units digit of (s - -3)/(10/c)?
6
Let n = -1027 + 1736. What is the hundreds digit of n?
7
Let c = 76 + -159. Let n = 261 - 102. Let t = c + n. What is the tens digit of t?
7
Let d = 2788 - 1949. What is the tens digit of d?
3
Let c be 219/45 + 4/30. Suppose 3*v + w - 267 + 61 = 0, 5*v - 350 = -c*w. What is the units digit of v?
8
Suppose -189 = -2*d + 3*j, 3*d + 0*j = 4*j + 285. Suppose -3*i + 0*i + d = 0. Let v = -20 + i. What is the units digit of v?
3
Let x(g) = -g**2 + 8*g - 8. Let i be x(6). Suppose 575 = -5*b + 2*y + 2027, b - i*y = 276. What is the tens digit of b?
9
Suppose -4*i - 50 = 90. Let q = i - -7. What is the tens digit of 21/q*(0 + -64)?
4
Let g(p) = 41*p**2. Let u = -21 - -22. What is the tens digit of g(u)?
4
Let f(i) = 2*i**2 + 9*i - 1. Let m(b) = -b**2 + 9*b + 1. Let n be m(9). Let v(w) = -w**2 - 1. Let q(t) = n*f(t) + 3*v(t). What is the units digit of q(6)?
4
Suppose q - 8 = -2*m, 3*q + 2*m + 14 = 38. Suppose 0 = q*t - 448 - 552. What is the hundreds digit of t?
1
Let i be ((-105)/14)/1*(-4)/6. Suppose i*f = 436 - 121. What is the tens digit of f?
6
Let w(d) = 2*d - 2. Let o be w(4). Suppose -c = -0*c - o. Let p(h) = h**2 - 5*h + 2. What is the units digit of p(c)?
8
Let m = -2079 - -7145. What is the tens digit of m?
6
Let c(u) = -u**3 + 8*u**2 + 12*u - 1. Let f(t) = 5*t**3 - 39*t**2 - 60*t + 4. Let h(s) = 11*c(s) + 2*f(s). What is the units digit of h(11)?
8
What is the tens digit of ((-154)/33)/(4/(-354))?
1
Let b(v) = 3*v**2 - 1. Let x be b(1). Suppose -4 = -u - x. Let z = 26 - u. What is the units digit of z?
4
Let a = -53 + 55. Suppose -z + 2 = 0, -a*u + 1 = -3*z - 1. What is the units digit of u?
4
Let s(j) = -j**3 - 3*j**2 + 4*j + 3. Let f be s(-4). Suppose 0 = -2*o + 115 + f. What is the tens digit of o?
5
Let l(m) = -9*m + 51. Let p be 30*(-3 + 1)/(50/10). What is the hundreds digit of l(p)?
1
S